w - 3*j + 2*j = 1, 0 = -3*w - 5*j - 7. Let y(z) = w*k(z) + 6*v(z). What is y(-5)?
-9
Let u(r) = 4*r**3 + 3*r + 7 + r**2 - 2*r - 5*r**3. Let n be u(0). Let f(p) = -4*p**3 + 3*p**3 - 7*p + 2 - 4 + p + 8*p**2. Determine f(n).
5
Suppose -2*h + 22 = 2*c - 7*c, 0 = h + 4*c + 15. Let b(y) = 11*y + 8*y - h - 20*y. Give b(3).
-4
Let t = 8 + -15. Let m(p) be the second derivative of p**4/12 + 7*p**3/6 - 2*p**2 + 5*p - 6. Calculate m(t).
-4
Suppose -4*u - 306 + 310 = 0. Let t(w) = -w**3 + 1. Give t(u).
0
Let g(h) = h + 3*h - 3*h - 2*h + 24. Let y be g(19). Let d(t) = 0 - t - 6 - 2*t + t. Give d(y).
-16
Let g be (36/(-6))/((-6)/16). Let u be -1*2 + -10 + g. Suppose 9 = -u*i + i + 3*k, -23 = 5*i - 3*k. Let x(c) = -c + 9. Give x(i).
16
Let z(x) be the first derivative of x**2/2 + 12*x + 551. Calculate z(-13).
-1
Suppose 7*a = 12 - 5. Let h(c) = 0*c + 3 + 2*c + a + 1. Give h(-5).
-5
Let x(q) = -5*q + 9 - 1 + 1 + 4*q + q**2. Let l(m) be the first derivative of -m**4/4 + m**2 - m + 3. Let z be l(1). Give x(z).
9
Let d be -3*(4/(-6))/1. Let w(x) = 3 - 40*x**2 + 39*x**d - 2. Give w(0).
1
Let r(o) = o**3 - 3*o**2 + o - 2. Suppose -155 = -2*p - 149. Calculate r(p).
1
Let n(o) = -o + 13. Let r(y) = y**2 + 8*y + 7. Let k be r(-7). Let v(f) = 2*f - 16. Let l be v(9). Suppose k = 5*t - c - c + 4, -l*t - 2*c = -4. Determine n(t).
13
Let g(f) be the first derivative of -12 + 1/3*f**3 - 1/2*f**2 - 2*f. Determine g(3).
4
Let b = -238 + 249. Let f(j) = j**3 - 10*j**2 - 8*j - 14. Determine f(b).
19
Let y = 30 + -28. Suppose g = y + 2. Let c(z) = -2*z**2 + 6*z - 2. Give c(g).
-10
Let l(v) = 23*v - 20. Let b(m) = -14*m + 11. Let j(x) = -5*b(x) - 3*l(x). Determine j(-18).
-13
Let s(x) = x**3 - 17*x**2 + 16*x - 8. Let a be (-24)/((-3)/(-4)*-2). What is s(a)?
-8
Let f(l) = l + 6. Let d be 2/(-5) + 154/35. Suppose 2*a = 3*a + 3, -3*a - 9 = 4*w. Suppose -2*h - 3 = 5*z + 27, w = 5*h + d*z + 41. Give f(h).
1
Let b(d) = d - d**2 - d + 0*d. Let o(c) = -4*c**2 - c + 4. Let a(z) = 3*b(z) - o(z). Let v(q) = q**2 - 7*q + 2. Let n be v(6). Give a(n).
8
Let s(k) be the first derivative of -2/3*k**3 - k**4 - k - 11 + k**2. Calculate s(1).
-5
Let b(h) = h**2 - 1. Let i be (-16)/14*(15 + -22) + -4. Suppose -3*j + j + i = 0. Calculate b(j).
3
Let s(f) = -8*f - 1. Suppose 9*w - 19 = -28. Calculate s(w).
7
Let b(m) = 5*m - 1. Let t = -35 + 35. Suppose 5*r + 5*s = t, -2*r - 2*s = 3*s + 3. Calculate b(r).
4
Let k(t) = t**2 + 6*t + 17. Let h be k(-2). Let l(u) = -u**3 + 9*u**2 - u + 9. Give l(h).
0
Suppose 51*k - 240 + 36 = 0. Let q(u) = 2*u. Determine q(k).
8
Let d(y) = y**2 + y. Let n(m) = -1. Suppose 0 = 13*g - 6*g - 7. Let t(s) = g*d(s) + n(s). Determine t(3).
11
Suppose 2*s = -2*c + 38, -12*c - 4 = -s - 10*c. Let q(l) = -l + 15. Calculate q(s).
1
Let s(r) = r**3 - 9*r**2 + 9*r + 7. Let i be s(8). Let b be (9 - 0)*5/i. Let g(z) = 6*z**b + 6*z**3 + 0*z**3 + 5 + 5*z**2 + 5*z - 11*z**3. Determine g(-4).
1
Let o(r) = -2*r + 9. Let z(n) = n - 4. Let i(g) = 2*o(g) + 6*z(g). Give i(7).
8
Let y(r) be the first derivative of -r**6/60 + r**4/24 + r**3/6 + 4*r**2 - 22. Let l(q) be the second derivative of y(q). Calculate l(-1).
2
Let k = -9 + 4. Let p(j) be the first derivative of -j**3/3 - 5*j**2/2 - 7*j + 457. Give p(k).
-7
Suppose -4*x - 4*r - 8 = 0, -2*r + r = 2. Suppose -80 + 300 = 11*h. Suppose 5*f - 10 - h = x. Let b(o) = o**3 - 6*o**2 - o + 2. Determine b(f).
-4
Let m(g) = 2*g + 9. Let x(l) = -5*l**2 - 74*l + 19. Let r be x(-15). What is m(r)?
17
Let t(x) = x**3 - 5*x**2 + 4*x - 2. Let h be t(2). Let y be (-2)/h - (-12)/18. Let z(o) = -1 + 3*o + 2*o + 5*o - 2*o. Determine z(y).
7
Let v(p) = -7 + 134*p**2 + p**3 + 108*p**2 - 243*p**2. Determine v(0).
-7
Let n(p) = 3 + 0 - 1 - p - p**2. Let s(d) = d**2 + 2*d - 5. Let j = -6 + 3. Let l be s(j). Give n(l).
0
Suppose -3*h + 2*h + 4*b + 38 = 0, 25 = -5*b. Let g = h + -23. Let l(o) = -o - 1. Determine l(g).
4
Let h(y) be the first derivative of -3*y**2 + 6*y - 272. Give h(-3).
24
Let z(u) = u + 15. Suppose 0 = 33*w - 37*w - 44. Calculate z(w).
4
Let q = -24 + 0. Let n = 24 + q. Let o(u) = n - 6 + u + 4. Give o(-4).
-6
Let i(d) = -d**3 - 4*d**2 + 3*d + 4. Suppose 3*z + 24 + 3 = -3*o, -5*o + 2*z - 17 = 0. Calculate i(o).
14
Let f(m) be the third derivative of m**6/360 + m**5/24 - m**4/4 + 16*m**3/3 - 7*m**2 - 2*m. Let d(n) be the first derivative of f(n). What is d(-7)?
8
Suppose 4*s = -p - p - 2, 5*p = 5*s - 65. Let l = 5 + p. Let f(o) = -132*o**2 - 5 + 2*o + 66*o**2 + 67*o**2. Calculate f(l).
3
Suppose q = -q + 6, 0 = c - 4*q + 10. Let g(a) = -11*a - 2 - 10*a + 24*a + c*a**2. Give g(-3).
7
Let q(x) = -42*x - 811. Let s be q(-19). Let m(i) = -2*i**2 - 27*i - 19. What is m(s)?
-6
Let b(f) = -3*f + 12. Suppose 10*u + 7*u = 68. What is b(u)?
0
Let h(o) = 5*o + 2*o - 8 - 3*o - 3*o. What is h(4)?
-4
Let r(s) = -s**3 + 78*s**2 - 5*s + 389. Let o be r(78). Let j(d) = -24*d**2 - 4*d - 3. Determine j(o).
-23
Let x = -1 + 4. Suppose 22*l - 16 = 14*l. Let d(m) = l + 1 - 7 + m**2 + x*m - 7*m. Determine d(5).
1
Suppose 3*h = -5*d + 12 + 7, 0 = -2*d + 4. Let q(m) = -m**2 + m. Let u(k) = k**3 - 4*k**2 - 4. Let z(c) = 3*q(c) - u(c). What is z(h)?
-5
Let u(b) = -b**3 + 11*b**2 - 22*b + 28. Let v be u(9). Let s(c) = c**2 + 8*c + 2. Give s(v).
2
Let d be -1*7/1 - -1. Let i(m) = -9. Let j(g) = 12 - g + 34 - 18. Let b(x) = -7*i(x) - 2*j(x). What is b(d)?
-5
Let c(o) = -o**2 - 6*o - 5. Let w(t) = -t**2 + 74. Let u be w(-10). Suppose 0 = -5*p - 40 - 60. Let n = u - p. What is c(n)?
-5
Suppose 4*c - 128 + 116 = 0. Let k(b) = -2*b + 1. What is k(c)?
-5
Suppose -5*x + 10 = -7*x. Let l be (-3)/(x/(30/(-9))). Let t(a) = -a**3 - 2*a**2 - 4*a - 3. Give t(l).
5
Let l(h) = -4*h - 5. Suppose -4*p - 2*u + 12 = -3*u, 3*u = 4*p - 4. Calculate l(p).
-21
Suppose -29 = -m - 5*s, m - 2*s + 21 = 3*s. Let p(n) = 0*n - m*n + 3*n. Suppose y - 2*z = 6, 9*z - 1 + 7 = y. Give p(y).
-6
Let q(m) = -3*m**3 + 2*m + 4*m**3 - 6*m**2 + 4*m - 4. Suppose -7*y = -3*y - 20. Let p be q(y). Let t(r) = -6*r + 1. What is t(p)?
-5
Let t(b) = -b**2 - 20*b - 22. Suppose -24*h - 361 - 95 = 0. Calculate t(h).
-3
Let h(a) be the first derivative of 5*a**2/2 + a - 116. Calculate h(7).
36
Let m(v) = -16*v - 11. Let z(c) = 3*c + 2. Let n(r) = -2*m(r) - 11*z(r). Let u be (-2)/4 - (-22)/(-4). Give n(u).
6
Let k(g) be the second derivative of -9*g**5/10 - g**4/6 + g**3/3 - g**2/2 + 13*g. Calculate k(1).
-19
Let z(g) = -g**3 - 11*g - 4. Let j(l) = -37*l + 4 - 2*l**3 + 3 + l**2 + 4*l**3 + 58*l. Let x(k) = -6*j(k) - 11*z(k). Give x(-5).
2
Let c(q) = -4*q**2 - 3*q + 4. Let r(s) = 3*s**2 + 4*s - 3. Let h(t) = -2*c(t) - 3*r(t). Suppose 4*v + 20 = -28. Let p = 6 + v. Calculate h(p).
1
Suppose -h = -2*h - 18. Let x = h - -17. Let a(i) = 5*i**2 + i. What is a(x)?
4
Let n(f) = -f**2 + 5*f + 3. Let q = 68 + -63. Suppose 3*m + 2*j = 12, -5*m + q*j + 32 = -13. Determine n(m).
-3
Let n be (-1 - -9)/(8/4). Suppose -2*c - 10 = -n*c. Let o(k) = -4*k + 7. Let v(t) = 17*t - 28. Let h(p) = -9*o(p) - 2*v(p). Determine h(c).
3
Let l(r) = -75 - r + 74 + 8*r. Let x(n) be the third derivative of n**4/24 + 5*n**3/6 + 9*n**2. Let v be x(-4). Give l(v).
6
Let p = -27 - -42. Let m = 10 - p. Let k(h) = h**2 + 5*h + 6. Calculate k(m).
6
Let t = -7 - -9. Let c be (-1)/(-2)*(t - 0). Let l(s) = 5*s**3 + s**2. Determine l(c).
6
Let b(k) = k**2 + 4*k - 3. Let a(f) be the third derivative of f**5/60 + f**4/24 - f**3/6 - 15*f**2. Let z(t) = 4*a(t) - b(t). Determine z(1).
2
Let d(v) = -v**2 - v - 4*v + 5 + 0*v. Let g(p) = -10*p - 2. Let x be g(4). Let t = -48 - x. What is d(t)?
-1
Let s(d) = -32*d**2 - 10 + 24*d**2 + 4*d + 4*d**3 + 15*d**2 - 3*d**3. What is s(-6)?
2
Let d(c) = -2*c + 2. Suppose 5*x - 62 = -2. Let g = x + -18. Let f be 21/g + (-1)/(-2). Determine d(f).
8
Let w = -984 + 977. Let r(d) = -3*d - 29. What is r(w)?
-8
Let k(w) = w**2 - w. Let i(q) = -4*q**2 + 10*q + 1. Let r(l) = -i(l) - 5*k(l). Let t be (-16 - -1)*28/84. Give r(t).
-1
Let z(h) = 9*h - h - 6*h. Let r be (-40)/14 + 4/(-28). Let w be -3 - 0 - 3/r. Calculate z(w).
-4
Let c = 94/137 + -8/411. Let d(p) be the third derivative of c*p**3 + 9*p**2 + 0*p + 1/24*p**4 - 1/120*p**6 - 1/10*p**5 + 0. Give d(-6).
-2
Let j(f) be the third derivative of f**4/24 + 5*f**3/6 - 4*f**2 + f. What is j(3)?
8
